+ 36. Let i be p(b). Calculate the greatest common divisor of 204 and i.
51
Let u(i) = 3*i - 74. Let n be u(18). Let b be -5*((-10)/n)/((-10)/104). What is the greatest common factor of 78 and b?
26
Let m be (-2)/16 - 17/(-8). Suppose 6*h - h = -2*p + 527, -h + 103 = -m*p. What is the greatest common factor of h and 35?
35
Let v = 8415 - 6589. What is the greatest common factor of 132 and v?
22
Let k(z) = 768*z**3 + 3*z**2 - 5*z + 2. Let y be k(1). Let v(h) = 6*h**2 - 55*h + 110. Let i be v(2). Calculate the greatest common divisor of i and y.
24
Let x be 20/6*162/135. Suppose 0 = -x*o + 567 + 161. Let i = 30 - 4. What is the highest common factor of i and o?
26
Suppose 1024 = 9*c - 56. Suppose 3*g - c = -g + 4*i, 2 = 2*i. Suppose -3*b + g + 68 = 0. What is the highest common divisor of b and 11?
11
Suppose 5*n - 280 - 395 = 0. Suppose -18*w = -23*w + n. Let v be 9/12*4 + w. What is the highest common divisor of v and 20?
10
Let y(h) = 2*h**3 - 71*h**2 + 2*h - 161. Let v be y(39). Calculate the highest common divisor of v and 152.
76
Suppose -17*x + 20*x - 4*p = 26929, 0 = -3*p - 21. Calculate the highest common factor of 183 and x.
183
Let r be 1/2 - (-1)/(-2). Suppose r = 3*g - 0*g - 75. Suppose -28*m - 103950 = -406*m. Calculate the highest common factor of m and g.
25
Let v be -6 + (28/2)/(23/69). Calculate the highest common factor of v and 414.
18
Suppose -3*s + 6*s = 675. Let k = -129 + s. Let y be 96/256*24 + (3 - 1) + 1. Calculate the highest common divisor of k and y.
12
Let p = -987 - -1047. Calculate the greatest common divisor of 260 and p.
20
Suppose 4*d + 5*v = 25, 7*d + 3*v = 2*d + 41. Suppose -d*r - 98 = -568. What is the greatest common divisor of 893 and r?
47
Let p be (2 + -1)*(12 + 57). Let x = -68 + p. Let n(a) = -a + 6. Let m be n(-5). What is the highest common factor of x and m?
1
Let u(a) = -14*a - 15. Let y be u(-10). Let w = 303 + -278. What is the highest common divisor of w and y?
25
Suppose -4716 - 1696 = 1258*v - 1487*v. Calculate the highest common factor of 987 and v.
7
Suppose -864 = -5*u + 3*r, -5*u + 373 = 3*r - 443. Calculate the greatest common factor of u and 8694.
42
Let q(r) = 47*r**2 - 105*r - 107. Let g be q(-1). What is the greatest common factor of g and 1035?
45
Let c(a) = 9*a**2 - 9*a**2 + a**2 + 38 + 15*a + 29. Let b be c(-8). What is the highest common factor of b and 44?
11
Let b(v) = 3*v**2 + 17*v - 58. Let o be b(-8). Let s(c) = -20*c - 4. Let k be s(o). What is the greatest common divisor of 81 and k?
9
Let s be (-306)/4*(-4)/6. Let t(l) = -5*l - 33. Let g be t(-6). Let v be g*(-102)/9*1. Calculate the highest common factor of v and s.
17
Let k be (-509)/(-8) - ((7095/(-88))/15 + 5). Let o(y) = 41*y**3 - y**2 - y + 1. Let i be o(1). What is the highest common factor of i and k?
8
Suppose -3*k = 2*k - 135. Suppose -586 = -15*a + 3869. What is the greatest common factor of a and k?
27
Let y(z) be the second derivative of 9/2*z**2 + 1/3*z**3 + 0 + 13*z. Let o be y(4). What is the greatest common factor of o and 68?
17
Suppose 61*l - 67508 - 131095 = -12370. Calculate the greatest common factor of 43 and l.
43
Suppose -641*r + 655*r = 6258. What is the highest common factor of 51 and r?
3
Suppose 3*q + 13*z = 14*z + 56, -3*q + 5*z + 40 = 0. Calculate the highest common divisor of 2090 and q.
10
Let u = 2545 + -2174. Calculate the greatest common factor of u and 265.
53
Let r be (-18)/108 - (1 - (-31)/(-6)). Suppose y + 4*n = 44 + 133, r*n + 789 = 5*y. Calculate the highest common factor of 7 and y.
7
Let f be -8*(-801)/15 - (4 - 152/40). Suppose 2*u - 2*a = -a + 124, -3*u + 187 = -2*a. What is the greatest common factor of f and u?
61
Let j be 2969 - (40/(-20) + 21). Calculate the greatest common factor of j and 118.
118
Suppose 54*f = -69*f + 837138. What is the greatest common divisor of f and 332?
166
Let g(r) = 7*r**2 - 117*r - 23. Let y be g(20). Calculate the highest common divisor of y and 115.
23
Suppose -12*u + 245 = 989. Let y = u + 72. Calculate the highest common factor of 6 and y.
2
Suppose 2*f - 4*y - 160 = 0, -4*f = -3*f + 3*y - 70. Suppose 15*q - f = 14. What is the greatest common divisor of q and 69?
3
Suppose 55 = q - 2*d + 7*d, -3*d = 12. Let u(f) = -3 + 3*f - f**3 + 8 - 95*f**2 + 91*f**2. Let m be u(-5). What is the highest common factor of q and m?
15
Suppose 12613*q - 12641*q + 20748 = 0. What is the greatest common divisor of 26 and q?
13
Let u = -339 + 515. Suppose u = 14*t + 22. Calculate the greatest common factor of t and 671.
11
Let t(j) = -402*j + 4527. Let q be t(9). What is the highest common factor of 1616 and q?
101
Let k(u) = -5*u**3 - 5 - 7 + 2*u**2 - 2*u + 3*u**3 + 16. Let q be k(-4). What is the greatest common divisor of 129 and q?
43
Let h(r) = -7*r - 36. Let t be h(-6). Let i = 44 - 12. Suppose 0 = -g + 10 + i. Calculate the greatest common divisor of g and t.
6
Suppose -5*w = 5*i - 25, 2*i = -w + 6 + 1. Let v be -3 + (-1)/i + 134/4. What is the greatest common divisor of 10 and v?
10
Let y = -3093 + 7617. What is the greatest common factor of y and 58?
58
Let f be (5/(-1))/((288/9)/16)*-4. Calculate the greatest common divisor of 1270 and f.
10
Let p(v) = 3*v**2 - v. Let r be p(-2). Suppose f - r = -i - 2*f, -f + 3 = 0. Suppose i*h - 101 = -61. Calculate the greatest common factor of 1 and h.
1
Suppose 3*b + 11*o - 270 = 15*o, 5*b - o - 450 = 0. What is the greatest common factor of b and 504?
18
Let y(b) = 2*b**2 + 3*b + 1. Let d be y(-10). Calculate the highest common divisor of d and 9.
9
Let s be 30/40 - 2098/(-8). Let j = -224 + s. Calculate the greatest common factor of j and 312.
39
Let w = 3123 + -2499. Calculate the highest common divisor of w and 144.
48
Suppose -34 = -2*k + 30. Suppose 4*p - 40 = k. Let m = 2 - -7. What is the highest common factor of m and p?
9
Let h(i) = -10*i - 57. Let x be h(-16). Let w = x - 98. Calculate the highest common divisor of w and 35.
5
Let u = 406 + -508. Let f be (u/(-30) + -3)*100/8. Calculate the greatest common factor of 12 and f.
1
Let i be -6 + -3 + 10 - -230. What is the highest common divisor of 2002 and i?
77
Suppose -92*n = 32*n + 146*n - 11691540. Calculate the highest common divisor of 42 and n.
42
Let t = 13101 + -12800. What is the highest common factor of t and 2451?
43
Let n(b) = -b**2 + 5*b + 79. Let p be n(8). What is the greatest common factor of 1760 and p?
55
Let j(m) = 2*m**2 - 9*m + 10. Let v be j(-8). Suppose 20*r - 720 = 960. Calculate the greatest common factor of v and r.
42
Suppose 29*j + 3*j - 4320 = 0. Let s be 2 + (-371)/(-7) - 10. What is the greatest common factor of s and j?
45
Suppose 4*j - 272 = -4*i, -13*i + 60 = -12*i + 5*j. What is the highest common factor of 230 and i?
10
Let u(j) = -9*j**2 + 5*j + 7. Let b be u(4). Let c = b - -252. What is the greatest common divisor of 5 and c?
5
Let f(y) = 2*y + 82. Let p(l) = -l + 2. Let m(k) = -f(k) - 8*p(k). Let b be m(27). What is the greatest common factor of b and 40?
8
Suppose 18*f - 2*f = -1536. Let p = 186 + f. Suppose 0 = 4*s - 4*d + 89 - 401, 3*d = -s + p. What is the greatest common factor of 9 and s?
9
Let q(y) = -274*y - 1368. Let s be q(-5). Calculate the highest common factor of 226 and s.
2
Let l be ((-8)/(-5))/(6/315). Let n = -1322 + 1334. What is the highest common factor of l and n?
12
Let j(f) = f - 2. Let q be j(2). Suppose s + 5 - 10 = q. Let m = 396 - 376. Calculate the highest common factor of s and m.
5
Let q be (-4*25)/((-485)/510 - (-85)/102). What is the highest common divisor of q and 2210?
170
Let q be 3919 - ((4560/(-45))/16 + 5/(-3)). Calculate the highest common factor of q and 63.
21
Let y be (-6)/7 + 9546/602. Let n = 62 + 73. Calculate the greatest common divisor of n and y.
15
Suppose -10*m + 161 = -9. Suppose -5*k + m*j = 14*j - 1799, 3*k = 5*j + 1073. What is the highest common divisor of 38 and k?
19
Let m(d) = -3*d**3 + 4*d**2 + d + 16. Let x be m(4). Let g be (6 - x/(-10))*-5. Calculate the greatest common factor of 36 and g.
12
Let y be (-5)/((-80)/1396) - (-3)/4. Let m be -2 + (y + -4 + 1 - 3). Let i be (-50)/((m/(-15))/8). What is the highest common factor of i and 25?
25
Let j(z) = 3*z**2 - 2*z - 2. Let v(q) = 10*q**2 - 5*q - 7. Let t(i) = 7*j(i) - 2*v(i). Let u be t(-5). Calculat